 l(p) = -p**2 - 77*p + 142. List the prime factors of l(-41).
2, 809
Let k be -5*(-3)/((-15)/(-154)). Suppose 2*f = 5*j - k, 3*j + 2*f - f - 99 = 0. What are the prime factors of j?
2
Let u be (-2)/(-7) - 25614/(-21). Suppose -u = -5*x - 5*a, 4*x - 4*a = 543 + 449. List the prime factors of x.
2, 3, 41
Let g be (8/24)/(2/24). Suppose 0 = 5*r - 0*r - i + 7, g*i = -5*r + 3. List the prime factors of ((3 + 121)/(-4))/r.
31
Let x = -7 + 11. Let g be (-1 - -5)*(-7)/x. Let t = 21 + g. What are the prime factors of t?
2, 7
Let q(b) = -116*b - 13. List the prime factors of q(-3).
5, 67
Let v = 613 - 204. What are the prime factors of v?
409
Let f(t) = -2*t**3 - 12*t**2 + 6*t + 9. Suppose -o - 12 = 3*s - 4*s, -27 = o - 4*s. What are the prime factors of f(o)?
5, 13
Let i = 52 - 47. Suppose 4*p - x - 883 = 0, i*p + 3*x = 585 + 523. List the prime factors of p.
13, 17
Suppose 4*d = -5*m + 11006, -m - m + 4384 = -3*d. What are the prime factors of m?
2, 7, 157
Suppose -g = v - 10, -g + 2*g + 20 = 5*v. Suppose 112 + 78 = a + 4*d, -2*a = v*d - 383. List the prime factors of a.
2, 97
Let l(q) = q**3 - 31*q**2 - 18*q - 79. What are the prime factors of l(32)?
3, 41
Suppose -4281 = -3*x - 0*x. List the prime factors of x.
1427
Suppose -2*h - 2 = 0, 6*s - 3*s = 4*h + 7. Let w be (-4 + -2)*s/(-2). Suppose -24 = -w*b + 4*y, 4*y = -2*b - y + 39. What are the prime factors of b?
2, 3
Suppose f - 2256 = -4*k, -f - 1225 - 1039 = -4*k. What are the prime factors of k?
5, 113
Let t be (-1)/(-1)*2 + 2. List the prime factors of 690/12*t/10.
23
Let w(l) = -l**3 + 6*l**2 - 6*l + 29. Let g be w(6). Let r(x) = x**3 + 9*x**2 + 11*x - 1. List the prime factors of r(g).
2, 5
Let m(n) = 686*n + 151. What are the prime factors of m(4)?
3, 5, 193
Let r(w) be the second derivative of 65*w**4/6 - w**3/6 - w**2 + 24*w. List the prime factors of r(-1).
3, 43
Let v(w) = 5*w + 1. Let m be v(1). List the prime factors of (-4)/m - (-531)/27.
19
Let q = 2097 + -1001. List the prime factors of q.
2, 137
Suppose 3*o = -4*a + 2855, 4*a - 5*o - 731 = 3*a. List the prime factors of a.
2, 179
Let z = -13 - -15. List the prime factors of 2/((-8)/(-124)) + z.
3, 11
Suppose -5*i = -i + 5*m - 1400, 0 = -2*i + 3*m + 722. What are the prime factors of i?
5, 71
Let i(j) be the second derivative of -j**5/20 - 13*j**4/12 - 5*j**3/6 - 8*j**2 + 5*j. List the prime factors of i(-13).
7
Let z(y) = -2*y**3 - 14*y**2 + 18*y + 16. Let r be z(-14). Suppose -3*t = 8*t - r. List the prime factors of t.
2, 3, 19
Suppose -f + 5*v + 124 = -301, 5*f - 4*v - 2230 = 0. Suppose -11*k = -2*k - f. What are the prime factors of k?
2, 5
Let z(t) = 188*t**2 - 2*t + 1. Let k be z(1). Suppose -3*p - 4*i + 0 = -196, 5*i = 3*p - k. Let u = -46 + p. What are the prime factors of u?
2, 3
Suppose 4*v = -2 + 10. Suppose -4*k - 3*g + 89 = -v*g, 3*k - 3*g = 78. List the prime factors of 2/2*k - 3.
2, 5
Suppose -2*u = u - 12. Suppose 2*v = 10, u*v - 26 = -0*b + b. Let n(t) = 2*t**2 + 7*t - 8. What are the prime factors of n(b)?
2, 11
Suppose 18*a - 4644 = 36. What are the prime factors of a?
2, 5, 13
Let x(y) be the second derivative of -y**3/6 + y**2 + 6*y. Let k be x(-2). Suppose -c + k*r + 38 = 0, -4*c = 2*r - 144 + 10. List the prime factors of c.
2, 17
Suppose m + 105 = -4*l, 2*l - 4*l + 5*m = 25. Let g = -11 + 51. Let k = g + l. List the prime factors of k.
3, 5
Let t(c) = c**3 + 10*c**2 + 5*c + 17. List the prime factors of t(-4).
3, 31
Let n be (3 - -1 - 2)/(-1). What are the prime factors of n + (-50 + 1)*-1?
47
Let z = 3661 - 1383. List the prime factors of z.
2, 17, 67
Suppose 19 = 2*n - r, 0*n = n + 3*r + 8. Suppose -n*k = -2*k. Suppose k = -h - 0 + 4. List the prime factors of h.
2
Let d(k) = -k**2 + 3*k + 16. Let h be d(7). Let b be 15/h*10*2. Let a = -3 - b. What are the prime factors of a?
2, 11
Suppose -o - 1483 = -5*k - 160, -2*k + 4*o + 522 = 0. List the prime factors of k.
5, 53
Let x(a) = 12*a - a**2 - 5 + 6 + 8 + 7. Let g be x(13). Suppose -4 = -j, 51 = g*b - 4*j - 29. What are the prime factors of b?
2
Let o(l) = 3*l**2 - l + 12. Let u(g) = -5*g**2 + 2*g - 23. Let j(v) = 7*o(v) + 4*u(v). Let i be j(0). Let n = 28 + i. What are the prime factors of n?
2, 5
Suppose 5*w - 4*u - 1027 = -0*u, -627 = -3*w - 3*u. List the prime factors of w.
3, 23
Let j(c) = -c**2 - 9*c - 2. Let g be j(-8). Let q = g - 3. Suppose -o + 4*i = -18, 8*i - 3*i + 40 = q*o. What are the prime factors of o?
2, 5
Suppose 23*z - 60*z + 33892 = 0. List the prime factors of z.
2, 229
Let c be -2*1*(-3)/1. Let v be (-27)/c*(-10)/15. Suppose -h - y = -v*h + 54, 120 = 4*h + 4*y. List the prime factors of h.
2, 7
List the prime factors of 626 + -3 - (-5)/(7 - 2).
2, 3, 13
Suppose -5*w + 52 = -w. Suppose 12 = -14*i + 18*i. Suppose i*t = 9, -2*y + 3*y - 5*t = w. List the prime factors of y.
2, 7
Suppose -4*l - 3178 = -2*p, -2*p - 4*l + 936 + 2202 = 0. What are the prime factors of p?
1579
List the prime factors of (60175/105 - 15) + 2/(-21).
2, 3, 31
Suppose 3*b = -b - 8, -4*a - b = -1834. What are the prime factors of a?
3, 17
Let u be -7*(-2 + (-55)/(-35)). Suppose u*g - 5*a = 76, -2*g + 0*a = 5*a - 84. List the prime factors of g.
2
Suppose 52193 = -13*b + 124616. List the prime factors of b.
3, 619
Let i be 0/(2*2/(-4)). Suppose i*g - 106 = -2*g. Suppose 2*b = t + 12 + 11, 0 = 2*b + 5*t - g. List the prime factors of b.
2, 7
Let n = 67 - 72. Let j be 39/4 - (-3)/12. List the prime factors of (n/j)/((-1)/6).
3
Let m be 4 - (-2 + 2)/(-1). Suppose -16 = 4*x, x = 2*q + m*x. List the prime factors of q.
2, 3
Let u = 199 - 94. List the prime factors of u.
3, 5, 7
Let g be (8/6)/(2/(-54)*2). Let j(z) = z**2 + 17*z + 19. List the prime factors of j(g).
37
What are the prime factors of (-4)/(-4)*(-533)/(-1)?
13, 41
Let r = 5163 + -2908. List the prime factors of r.
5, 11, 41
Suppose m + 8 = 2*d + 5*m, 0 = 5*d - m - 20. Suppose 0 = d*g - 12 - 64. Suppose g = 4*p - 2*j - 43, -j + 23 = p. List the prime factors of p.
2, 3
Suppose -10*w + 16260 + 31000 = 0. What are the prime factors of w?
2, 17, 139
Let s = -286 + 198. Let u = s - -130. List the prime factors of u.
2, 3, 7
Let k(p) = 174*p - 5. List the prime factors of k(3).
11, 47
Let k(v) = 15*v**2 - 12*v + 114. List the prime factors of k(5).
3, 11, 13
Let o(s) = -s**3 + 9*s**2 + 22*s + 18. Let n be o(11). Suppose n*h - 740 = 13*h. List the prime factors of h.
2, 37
Suppose 3*t = 4*y - 348 + 114, 5*y - 3*t - 294 = 0. Suppose g = -l + 9, -6*l - y = -4*g - 2*l. Suppose 8*f - 4*f = g. What are the prime factors of f?
3
Suppose 6 = -v + 10. Suppose -3*w + 137 = -v. List the prime factors of w.
47
List the prime factors of 2542 - (-91)/42*-6.
3, 281
Suppose 12 = -2*o - 4*c, 3*c + 9 = -0*o + o. Suppose o = n - 4*w - 163, 178 + 200 = 2*n + 5*w. List the prime factors of n.
179
Let u(q) be the second derivative of q**5/20 + 7*q**4/12 - q**3/3 + 7*q**2 + 6*q. What are the prime factors of u(-7)?
2, 7
Let k = -1 + 7. Suppose -k*a = -9*a - 36. List the prime factors of (15/(-9) - -1)*a.
2
Let t(m) = -m**2 + 13*m + 6. Let a be t(13). Let h(j) be the third derivative of -j**5/60 + 5*j**4/12 + 2*j**3/3 + j**2. List the prime factors of h(a).
2, 7
Let h(u) = u - 16. Let c be h(13). Let z(n) = -6*n - 1. List the prime factors of z(c).
17
List the prime factors of ((-920)/12 - -1)/(16/(-48)).
227
Let y(p) = -8*p**2. Let h be y(3). Let u be (h/14)/(21/(-98)). Suppose u = 3*r + 3*j, 0*j - 8 = -r + 2*j. What are the prime factors of r?
2
Let x(z) = 50*z - 42. What are the prime factors of x(6)?
2, 3, 43
Let v(h) = -h**2 + 17*h - 20. Let m be v(15). List the prime factors of m/((-84)/(-20) + -4).
2, 5
Let k = -6 - -8. Suppose 0 = k*n - 2*f - f - 7, 5*f - 20 = -3*n. Let j = 39 + n. What are the prime factors of j?
2, 11
Suppose -14*f - 106700 = -39*f. List the prime factors of f.
2, 11, 97
Let q(l) = 1113*l - 46. What are the prime factors of q(5)?
5519
Let c(z) = z**3 - 8*z**2 + 26*z - 32. What are the prime factors of c(12)?
2, 107
Let c be (-14)/21*6*5. Let q be (-1)/(-4)*-6*c. Suppose -q = h - 6*h. What are the prime factors of h?
2, 3
What are the prime factors of (-36)/(((-15)/(-4))/(-5))?
2, 3
Suppose 8 = 5*l - 2. Suppose 4*w = k + 14, 4 = -4*k - k - l*w. Let a = 26 + k. What are the prime factors of a?
2, 3
Suppose -